
3104
In base 3, what is 10 + -112200?
-112120
In base 10, what is 3 + -104?
-101
In base 11, what is -14 + -25?
-39
In base 4, what is -31032 + -3?
-31101
In base 16, what is -188 - -27?
-161
In base 7, what is -225 + -22?
-250
In base 7, what is 45055 - 4?
45051
In base 15, what is -5 + -3cd?
-3d3
In base 16, what is 2c3 - 3?
2c0
In base 5, what is -4 - 100?
-104
In base 10, what is 4 - 577?
-573
In base 9, what is -3 + 46?
43
In base 13, what is -2 - 33?
-35
In base 14, what is -1185 - 1?
-1186
In base 5, what is 2 + 423?
430
In base 15, what is -5 - -2408?
2403
In base 10, what is -1 + 1207?
1206
In base 11, what is 5 - 3a?
-35
In base 4, what is 100 + 321?
1021
In base 3, what is -202 - 2?
-211
In base 7, what is 102 + 2?
104
In base 13, what is -16 - -439?
423
In base 11, what is 101 - -10?
111
In base 14, what is 4 + -86?
-82
In base 8, what is -13 - -34?
21
In base 7, what is -2 + -462?
-464
In base 2, what is 10 - -111010010?
111010100
In base 4, what is -13 + 3111?
3032
In base 4, what is -11 + -1001113?
-1001130
In base 7, what is -12 + -124?
-136
In base 15, what is 147 - -2?
149
In base 13, what is -4032 - -5?
-402a
In base 8, what is -42 - -5?
-35
In base 16, what is 2 - -223?
225
In base 16, what is 5 - 129?
-124
In base 3, what is -100010 - 122?
-100202
In base 12, what is 19 - 4b0?
-493
In base 16, what is 14 - -9?
1d
In base 4, what is 1 - -13?
20
In base 7, what is 0 + -521?
-521
In base 15, what is -1 - -1c2?
1c1
In base 12, what is 0 - -101a?
101a
In base 11, what is 0 - -25?
25
In base 12, what is 240 + 0?
240
In base 8, what is 332 + -3?
327
In base 16, what is 0 + 2f6?
2f6
In base 12, what is -2 + 72?
70
In base 14, what is -10 + -a4?
-b4
In base 10, what is -7 + 17?
10
In base 7, what is 26 - 12?
14
In base 15, what is 1 + -2e?
-2d
In base 13, what is -45 + 5?
-40
In base 5, what is -334 - 11?
-400
In base 16, what is -461 - 1?
-462
In base 16, what is -3 + 26b?
268
In base 10, what is -7 + 378?
371
In base 7, what is 345 - 3?
342
In base 14, what is -3 + -4b?
-50
In base 3, what is 2 - -20112?
20121
In base 5, what is -10 - 31?
-41
In base 8, what is -245 - 35?
-302
In base 16, what is -ec + 3?
-e9
In base 16, what is 0 + 33?
33
In base 7, what is -60 + -16?
-106
In base 7, what is 15 - 0?
15
In base 9, what is -13 + -5?
-18
In base 8, what is 22250 - 2?
22246
In base 16, what is -18 + -5?
-1d
In base 6, what is 25 + 123?
152
In base 2, what is 10 + 11110101?
11110111
In base 3, what is 1 - 10120?
-10112
In base 9, what is -371 - 75?
-456
In base 13, what is -2 - -1c3b?
1c39
In base 9, what is -3851 + 5?
-3845
In base 2, what is 11 - 1010010?
-1001111
In base 9, what is 1 + 2063?
2064
In base 13, what is -869 - 3?
-86c
In base 13, what is -1640 - -5?
-1638
In base 9, what is -5 - 3113?
-3118
In base 5, what is -2 - -10031?
10024
In base 11, what is 1 - -4?
5
In base 14, what is -4 + 1833?
182d
In base 2, what is -101111111 - 10?
-110000001
In base 14, what is -4 + dbb?
db7
In base 11, what is 4 - 566a?
-5666
In base 16, what is -e + -21?
-2f
In base 9, what is 4 + -312?
-307
In base 11, what is 4 - 75?
-71
In base 3, what is -1011 - 211?
-1222
In base 14, what is 26a + 2?
26c
In base 5, what is 24 + 213?
242
In base 14, what is -19 - -17?
-2
In base 5, what is -3304 - -34?
-3220
In base 6, what is -3513 - 5?
-3522
In base 9, what is -5 - -861?
855
In base 16, what is -1 - 17a9?
-17aa
In base 6, what is 5132 + -4?
5124
In base 7, what is 62 - 61?
1
In base 11, what is 12 - -11?
23
In base 7, what is -24 + -1?
-25
In base 15, what is -350 - 3?
-353
In base 10, what is -69 + 3?
-66
In base 8, what is 30 - 122?
-72
In base 12, what is -1a - -5?
-15
In base 15, what is -1a - -e0?
c5
In base 14, what is 81 - 8?
77
In base 14, what is 15c + 5?
163
In base 9, what is 18 - -30?
48
In base 7, what is -60 - -12?
-45
In base 2, what is 100010001001 + 10?
100010001011
In base 2, what is 10000001111 - 0?
10000001111
In base 7, what is -4 - -11103?
11066
In base 13, what is 5ba + 4?
5c1
In base 13, what is ca0 - -a?
caa
In base 2, what is -1011 - -10000111111?
10000110100
In base 4, what is 212 + -10?
202
In base 12, what is -5 - -a?
5
In base 12, what is -53 + -5?
-58
In base 8, what is -13 + -61?
-74
In base 7, what is -14 - 266?
-313
In base 15, what is -77e + -3?
-782
In base 2, what is -11000 - 101110?
-1000110
In base 15, what is -c + -1a?
-27
In base 9, what is -5 - 687?
-703
In base 9, what is -4 + 88?
84
In base 4, what is 10 - 32131?
-32121
In base 4, what is -2 - -201?
133
In base 3, what is 2 - 10?
-1
In base 8, what is 2 + -22341?
-22337
In base 11, what is 0 - -63?
63
In base 16, what is -3 - 22?
-25
In base 3, what is 110 + 1021?
1201
In base 15, what is -5348 - -5?
-5343
In base 14, what is -2d - -2?
-2b
In base 2, what is -1 - -111100100?
111100011
In base 13, what is -8 + 16?
b
In base 15, what is -3dd + -1?
-3de
In base 6, what is 102125 + -2?
102123
In base 7, what is -24 - 20?
-44
In base 7, what is -2112 + -1?
-2113
In base 8, what is -26 - -4?
-22
In base 3, what is 102 - 101?
1
In base 3, what is -21002201 + 1?
-21002200
In base 7, what is -154 + 50?
-104
In base 15, what is -20 - 1?
-21
In base 12, what is 2 + 1540?
1542
In base 5, what is -3 + 134?
131
In base 5, what is 43 - -2?
100
In base 9, what is -4 + 220?
215
In base 10, what is -184 - 10?
-194
In base 7, what is -6 + 332?
323
In base 6, what is 11 + 12?
23
In base 4, what is 1132 - -11?
1203
In base 15, what is -19 + 1a?
1
In base 9, what is -5 - 25?
-31
In base 6, what is -40 - 42?
-122
In base 16, what is -5 - -99?
94
In base 16, what is -1 + -367?
-368
In base 12, what is -809 + 0?
-809
In base 3, what is -1 + -11011?
-11012
In base 7, what is 2 + 45?
50
In base 15, what is 4 - 3cd?
-3c9
In base 12, what is 2 - -19?
1b
In base 8, what is 3561 + -2?
3557
In base 9, what is -4 + 13?
8
In base 6, what is -301 - -305?
4
In base 8, what is -20 + 42?
22
In base 11, what is -3 + 107?
104
In base 14, what is -9 - 1c5?
-1d0
In base 8, what is 1 + 513?
514
In base 15, what is -b4 + 2?
-b2
In base 15, what is 4 - 20?
-1b
In base 6, what is -4 - -32034?
32030
In base 12, what is -13 + -55?
-68
In base 9, what is -26276 + -4?
-26281
In base 8, what is 5362 - 1?
5361
In base 16, what is 3 - 1ea7?
-1ea4
In base 8, what is 15371 - 2?
15367
In base 5, what is -1 + -300?
-301
In base 5, what is -1 + -331?
-332
In base 14, what is 9 - 794?
-789
In base 9, what is 110 + 80?
200
In base 4, what is 131332 - -3?
132001
In base 16, what is 3 - -75b?
75e
In base 9, what is 33858 - -5?
33864
In base 4, what is 3 - -12100?
12103
In base 3, what is 211 - 200101?
-122120
In base 16, what is 5 - -b52?
b57
In base 11, what is 243 - -4?
247
In base 9, what is 607 - 0?
607
In base 7, what is -1321 + -4?
-1325
In base 4, what is 2 + -10023?
-10021
In base 8, what is 0 + -14?
-14
In base 4, what is -11 + -122?
-133
In base 5, what is 34 - 22?
12
In base 13, what is 5 + 155c?
1564
In base 4, what is 20 - -3211?
3231
In base 4, what is 0 + -100?
-100
In base 16, what is -6 + -1a5?
-1ab
In base 7, what is 35 - 4?
31
In base 13, what is -1414 - -2?
-1412
In base 4, what is 30 + -23?
1
In base 12, what is 85 - 4?
81
In base 16, what is -18 - -d7?
bf
In base 10, what is 7 + 47?
54
In base 11, what is -854 + -3?
-857
In base 4, what is -11 + -3000?
-3011
In base 12, what is 1a - 200?
-1a2
In base 12, what is 1 - 71?
-70
In base 6, what is 4425 + -2?
4423
In base 12, what is 0 + 270?
270
In base 16, what is 0 + -d?
-d
In base 10, what is 132 - -21?
153
In base 11, what is 73 - -3?
76
In base 9, what is 203 - -4?
207
In base 13, what is -18 + -3?
-1b
In base 2, what is 110 - -1011?
10001
In base 13, what is 0 - 366?
-366
In base 14, what is -6 - 132?
-138
In base 3, what is 111 - -122110?
122221
In base 13, what is -3c0 - -4?
-3b9
In base 3, what is -11200 - -11?
-11112
In base 16, what is -74 - 7?
-7b
In base 15, what is 3 - -16?
19
In base 14, what is -4 + 2c0?
2ba
In base 15, what is -1e - -2?
-1c
In base 9, what is -21621 + -4?
-21625
In base 2, what is 100110 + -11001110?
-10101000
In base 15, what is -4 - 33b?
-340
In base 5, what is -4012 + 4?
-4003
In base 10, what is -3152 + 0?
-3152
In base 11, what is -5 + 23?
19
In base 8, what is -1446 + 2?
-1444
In base 7, what is 0 - -6